 to base 11
-3483a1
Convert -16302 (base 8) to base 5.
-213422
Convert -9b737 (base 12) to base 6.
-4232511
-24413 (base 7) to base 8
-14354
-14342213 (base 5) to base 16
-254e8
403252155 (base 6) to base 4
122033323013
What is 97786 (base 10) in base 14?
278ca
-31401515 (base 8) to base 3
-110120122210202
Convert c3c77 (base 13) to base 4.
1111303121
Convert -120200012 (base 3) to base 5.
-331201
-3211633 (base 9) to base 14
-32ac95
1445240 (base 6) to base 14
22928
Convert -20a4524 (base 11) to base 15.
-4cee5c
-b5c4d6 (base 14) to base 6
-335351220
Convert -180d65 (base 14) to base 10.
-847789
18938a0 (base 11) to base 15
432309
What is 1222342 (base 6) in base 4?
33331112
-10010020320 (base 4) to base 3
-2000010122000
-75111 (base 12) to base 15
-30934
What is 315413 (base 9) in base 7?
1411125
Convert -6bbb7 (base 16) to base 5.
-103110041
What is -c746dd (base 16) in base 4?
-301310123131
Convert 48a1c (base 16) to base 6.
10213152
What is -114302315 (base 6) in base 15?
-2ccea5
202243424 (base 5) to base 11
511426
Convert -21645326 (base 8) to base 14.
-8989b8
What is -306276 (base 12) in base 16?
-b8dfa
Convert -103331033 (base 4) to base 13.
-2b28c
Convert 2332313130 (base 4) to base 9.
1421363
What is -40213104 (base 5) in base 7?
-2501205
-112431204 (base 5) to base 12
-209936
Convert 564210 (base 7) to base 2.
11000011001001110
What is -4b877 (base 14) in base 9?
-312434
Convert -2248716 (base 10) to base 12.
-905410
43264 (base 7) to base 2
10101000011001
Convert -221221 (base 7) to base 16.
-97d8
What is -23041402 (base 5) in base 13?
-7290a
Convert 353b1 (base 16) to base 6.
4401225
Convert 10044414 (base 5) to base 15.
19109
Convert -236b8 (base 16) to base 6.
-3035400
What is 12414036 (base 8) in base 4?
22201200132
Convert -3202033 (base 6) to base 16.
-26145
What is a12 (base 15) in base 8?
4333
-164274 (base 8) to base 13
-21171
-4336563 (base 7) to base 5
-113434233
-58159 (base 10) to base 2
-1110001100101111
What is -850630 (base 9) in base 8?
-1733556
Convert -2120231111 (base 4) to base 3.
-1011210000102
Convert 1210baa (base 14) to base 2.
100000111110110100010010
What is 1005303 (base 9) in base 5?
114112312
What is 44055 (base 11) in base 6?
1212020
Convert 45445514 (base 7) to base 2.
1111000111000110000100
What is -203854 (base 14) in base 5?
-234214042
Convert -5094 (base 15) to base 8.
-41166
What is 1310111030 (base 5) in base 9?
6027170
1212210310 (base 5) to base 3
12100211102200
1000112122101 (base 3) to base 11
340333
What is 15209 (base 13) in base 9?
60645
-434242314 (base 6) to base 10
-7766182
24509 (base 15) to base 10
115884
What is 222566540 (base 7) in base 8?
63430066
What is -1303310010 (base 5) in base 10?
-3181880
602010 (base 7) to base 6
2102023
Convert -13125032 (base 7) to base 13.
-330182
What is -24322032 (base 5) in base 4?
-320010022
Convert -48a243 (base 12) to base 4.
-10133303103
Convert 511463 (base 8) to base 4.
221030303
Convert -1212020211120 (base 3) to base 2.
-11110001011111001101
-448a94 (base 14) to base 16
-2389aa
Convert 10211222001200 (base 3) to base 9.
3758050
Convert 1333312 (base 5) to base 13.
c596
Convert -14211420 (base 5) to base 15.
-2db90
What is 1100000011001101 (base 2) in base 4?
30003031
-5b43c7 (base 14) to base 16
-2fa8eb
Convert -12213033 (base 4) to base 16.
-69cf
What is -43763534 (base 8) in base 12?
-31a9824
-310604 (base 11) to base 6
-14403552
-2011110220102 (base 3) to base 7
-12532514
-11112200122212 (base 3) to base 6
-123432122
What is 220301111 (base 4) in base 13?
5b01c
What is -f6192 (base 16) in base 7?
-11365554
56583 (base 10) to base 14
16899
What is -43747 (base 10) in base 12?
-21397
What is -b7a28b (base 13) in base 2?
-10000011011011010001101
What is 155196 (base 11) in base 4?
322313301
Convert -44321443 (base 5) to base 2.
-1011110001101010001
Convert 3417764 (base 9) to base 15.
26603d
-152b4 (base 16) to base 10
-86708
Convert -121121552 (base 6) to base 5.
-1042000230
What is -88667 (base 9) in base 11?
-40256
Convert -b6a43 (base 12) to base 15.
-4b170
100012020211000 (base 3) to base 9
10166730
Convert 280880 (base 9) to base 12.
83176
-272765 (base 8) to base 15
-1d573
Convert 2006a (base 14) to base 10.
76926
1201427 (base 9) to base 7
5346562
-324727 (base 8) to base 4
-122213113
Convert 10000002223 (base 4) to base 10.
1048747
451083 (base 10) to base 8
1561013
Convert -111200220011221 (base 3) to base 16.
-6f1810
What is 206569 (base 11) in base 4?
1100300100
202201102022101 (base 3) to base 14
1668ab0
What is -330333230 (base 4) in base 2?
-111100111111101100
What is -848657 (base 11) in base 9?
-2500342
Convert 302034 (base 5) to base 6.
112352
Convert -11223301 (base 4) to base 10.
-23281
Convert 233212121 (base 4) to base 2.
101111100110011001
-10001210102 (base 3) to base 8
-165704
What is -41214340 (base 5) in base 15?
-69680
-12053315 (base 7) to base 14
-1dc97c
-116452 (base 9) to base 10
-70355
What is 47130 (base 13) in base 7?
1050342
What is -277127 (base 8) in base 5?
-11113004
-43433310 (base 6) to base 16
-13c46a
-301313 (base 6) to base 14
-88a1
Convert -100100110011010101001 (base 2) to base 15.
-18c4a4
204001 (base 9) to base 3
20011000001
What is -2185ca5 (base 14) in base 4?
-330232310321
-127437 (base 10) to base 14
-34629
What is -378dd (base 16) in base 8?
-674335
Convert 59034 (base 10) to base 13.
20b41
Convert -11500224 (base 6) to base 9.
-616407
Convert -383342 (base 10) to base 7.
-3154421
1875 (base 13) to base 9
5000
What is -13133330 (base 5) in base 16?
-1fda1
What is 113010031210 (base 4) in base 15?
7e6894
What is -21221021102002 (base 3) in base 5?
-2034430224
What is 11111110101001110101 (base 2) in base 10?
1043061
Convert 32554014 (base 7) to base 10.
2803350
Convert 10111001000110 (base 2) to base 6.
130502
Convert 1724e (base 15) to base 6.
1334102
Convert 704361 (base 10) to base 4.
2223331221
What is -1442103 (base 5) in base 9?
-46346
Convert -95457 (base 11) to base 3.
-21001122001
-10077504 (base 8) to base 12
-868598
Convert -11101100101101000010101 (base 2) to base 5.
-3441200214
What is 20309 (base 10) in base 5?
1122214
34937 (base 14) to base 8
372045
Convert -355660 (base 9) to base 15.
-436ac
21261417 (base 9) to base 7
153113422
-315278 (base 12) to base 9
-1412732
Convert 2163524 (base 7) to base 14.
6d84b
742a6c (base 16) to base 3
112022210010022
-4248676 (base 10) to base 12
-150a884
-13120213103 (base 4) to base 15
-2838a2
What is -4b9473 (base 12) in base 7?
-13352052
-1111010001100010001100 (base 2) to base 7
-46014261
What is -258996 (base 10) in base 9?
-434243
1100000001000101111101 (base 2) to base 11
1861883
Convert 767052 (base 12) to base 2.
111001010100101111110
Convert 11112220022 (base 3) to base 2.
10101110111111010
10baf23 (base 16) to base 10
17542947
Convert -442151 (base 8) to base 5.
-14223320
Convert c49930 (base 16) to base 11.
7300165
What is 326e2 (base 16) in base 4?
302123202
Convert 1903b (base 12) to base 6.
440115
What is 211221120122111 (base 3) in base 16?
ba1570
-716635 (base 8) to base 9
-401035
10111010001110010 (base 2) to base 9
154710
Convert -5260011 (base 7) to base 8.
-2332561
Convert 5744 (base 12) to base 6.
112524
What is 38a07e (base 16) in base 8?
16120176
Convert 3333114 (base 5) to base 15.
12524
Convert -d775c (base 14) to base 7.
-4264145
What is -121331010 (base 4) in base 14?
-2aa56
Convert 27a92 (base 12) to base 13.
1c11b
11c1246 (base 13) to base 11
314694a
Convert 657655 (base 12) to base 16.
188fe1
5574236 (base 10) to base 12
1a499b8
Convert 12144040 (base 6) to base 3.
201122222220
Convert -6600571 (base 8) to base 11.
-aa9794
Convert 32cd41 (base 14) to base 5.
420211322
What is 913934 (base 13) in base 12?
116b095
-913175 (base 10) to base 7
-10522214
-33341241 (base 5) to base 12
-1218b5
-7c20 (base 15) to base 2
-110011011110011
What is 65776 (base 8) in base 4?
12233332
What is 344883 (base 12) in base 3?
1120112222100
Convert -8b130 (base 12) to base 10.
-185076
Convert -144231202 (base 5) to base 13.
-21135b
-413635 (base 8) to base 16
-2179d
What is 514215035 (base 6) in base 14?
127314b
What is 647764 (base 8) in base 10?
217076
What is -22000002010 (base 3) in base 5?
-20020041
-1273758 (base 9) 